4. Let c be o(-7). Suppose c = 3*h - 2*h. Let r = h - -11. What is the remainder when r is divided by 5?
4
Let r(f) = -10*f. Let q be r(-3). Suppose 5*l + 4*x - 150 = q, -72 = -2*l - x. Calculate the remainder when l is divided by 19.
17
Let b be (-4)/(-10) - 28/(-5). Let m be -2*3/b*13. Let u = -4 - m. What is the remainder when 25 is divided by u?
7
Suppose 62*h + 17 = 63*h. What is the remainder when 40 is divided by h?
6
Suppose -2*v - 3*a = 2*a - 38, -4*v - 3*a + 48 = 0. Suppose 2*s + 75 = 5*s. What is the remainder when s is divided by (v/(-5))/((-3)/15)?
7
Let s(v) = -v**2 + 6*v + 10. What is the remainder when s(6) is divided by 5?
0
Suppose 3*o - a = 14, o + 0 = -2*a + 7. Suppose v - 3*f = 1, o*v - 2*v + 2*f = 25. Calculate the remainder when 25 is divided by v.
4
Suppose 3*c + 0*c + 4*l = 13, -4*l + 20 = 4*c. What is the remainder when 13 is divided by c?
6
Let t(o) = 3*o**2 + o - 3. Calculate the remainder when 19 is divided by t(-2).
5
Let y = 58 + -39. Let c(a) = -a**3 + 7*a**2 - 3*a - 5. Let i be c(4). Let u = i - y. Calculate the remainder when 23 is divided by u.
11
Suppose -901 = -3*y + 182. Suppose -154 = -2*x - 4*d, -2*x - 3*x + y = 4*d. What is the remainder when x is divided by 18?
15
Let u(y) = y - 9. Let q be u(8). Let s = q - -31. What is the remainder when s is divided by (1 - 0)*1 + 15?
14
Suppose 0 = -4*b - 6 + 14. Suppose 2*q + b = y - q, 5*q = 20. Let w(x) = 41*x. What is the remainder when w(1) is divided by y?
13
Suppose c - 4 = 0, -c = -4*u - 0*c + 8. What is the remainder when 14 is divided by u?
2
Suppose -5*s - 76 = -3*h, 30 = 4*h + s - 56. What is the remainder when 30 is divided by h?
8
Let f(w) = 2*w - 4. Let d be f(4). Suppose d = -2*b - i, 4*i + 14 = b - 2. Suppose b = 5*k - 0 - 70. What is the remainder when 41 is divided by k?
13
Suppose -3*c + 0*c = 4*i - 47, -3*i + 2*c = -31. Let n = -2 - -5. Suppose 0*b = n*b - 90. What is the remainder when b is divided by i?
8
Let t = 3 + 35. Let w(k) = 0*k + 2*k - 2 + 1 + 12*k**2. Calculate the remainder when t is divided by w(1).
12
Suppose -q = -2*m - 24, 2*q - 11 = 5*m + 33. Calculate the remainder when q is divided by 11.
10
Suppose 18 = 3*k + 9. Let a(u) = -7*u**3 + u**2 + u + 1. Let x be a(-1). Let i = x + k. Calculate the remainder when i is divided by 6.
5
Let f = -8 - -21. Let y(n) = 5*n - 3. What is the remainder when f is divided by y(2)?
6
Let y(x) = 18*x**2 - x + 2. Let p be 5/3 - (-14)/(-21). What is the remainder when 55 is divided by y(p)?
17
Let y(u) = 3*u**2 - u + 2. Calculate the remainder when 10 is divided by y(1).
2
Let q be 12/(-8)*68/(-6). Let s = q - -6. Calculate the remainder when s is divided by 9.
5
Suppose 3*f - 40 = -f. What is the remainder when 28 is divided by f?
8
Let a be (-2 - 2)*(-2)/4. Calculate the remainder when 11 is divided by a/(-5*8/(-100)).
1
Let s(o) = 0*o - 3*o + 5*o - o**2 + 2*o**2. Calculate the remainder when s(2) is divided by 5.
3
Suppose 0 = -i - 4 + 27. Let m be (-1)/((3/40)/(-3)). Suppose -2*o - 3*o = -m. Calculate the remainder when i is divided by o.
7
Let z = 65 - 26. What is the remainder when z is divided by 11?
6
Let l(g) = g**3 + g**2 - 4*g + 2. Calculate the remainder when 103 is divided by l(3).
25
Suppose 2*o - 2*i - 118 - 56 = 0, -4*i = -o + 90. What is the remainder when o is divided by 44?
42
Let c be 16/(-6)*333/(-12). Let l = 103 - c. Calculate the remainder when l is divided by 10.
9
Suppose 0 = 2*x + 2*i - 1 - 13, -17 = -5*x + 4*i. Suppose 5*q = 5*u + 35, -2*u = x*q - q - 16. Calculate the remainder when 14 is divided by q.
4
Let s = -52 - -43. Let r(f) = f**3 - 4*f**2 + 4*f + 4. Let i be r(4). Let h = i + s. What is the remainder when 32 is divided by h?
10
Suppose 796 = 14*s - 10*s. Calculate the remainder when s is divided by 40.
39
Let t(o) = o - 2. Let l be t(0). What is the remainder when (68/5)/(l/(-10)) is divided by 23?
22
Let s = 161 - 111. Suppose -119 = -3*r - s. Calculate the remainder when r is divided by 12.
11
Let d(o) = o**3 + 11*o**2 + 10*o + 16. Let t = 55 + 22. Let a = -46 + t. What is the remainder when a is divided by d(-10)?
15
Let m = -17 - -9. Let g = m + 25. Let w = -65 + 114. What is the remainder when w is divided by g?
15
Let f = 3 + -1. Suppose 0 = 2*y + 2*d - f, -39 = -4*y + 2*d + d. Calculate the remainder when 22 is divided by y.
4
Let r(j) = -j**3 + 16*j**2 - 13*j - 6. What is the remainder when 69 is divided by r(15)?
21
Let w(f) = 3*f**3 - 2*f**2 + 3*f + 1. What is the remainder when w(2) is divided by 13?
10
Suppose -r + 7*t - 2*t = -15, 5*r + 5*t - 15 = 0. Calculate the remainder when 23 is divided by r.
3
Suppose l + 7 = 15. What is the remainder when ((-22)/6)/(2/(-12)) is divided by l?
6
Let j(m) = -m**2 + 9*m + 1. Let g be 99/6*4/(-6). Let l = g + 18. What is the remainder when 27 is divided by j(l)?
12
Suppose 0 = -3*y + 6*y - 24. Let v(k) = k**2 - 7*k - 11. Let r be v(y). What is the remainder when 5 is divided by 1/3 - 5/r?
1
Let n be ((-6)/15)/(1/10). Calculate the remainder when n/(4/(-22) - 0) is divided by 12.
10
Let s(p) = p**3 - 3*p**2 + 7*p - 6. Let y = 16 + 4. What is the remainder when s(4) is divided by y?
18
Let c be (-4)/8 + (-10)/(-4). Suppose -c*g = -0*g + 10. Let x(z) = 2*z**2 + 4*z - 2. What is the remainder when x(g) is divided by 10?
8
Let w(c) = -c + 44. Let n(u) = 4*u - 8. Let f(p) = 3*p - 8. Let s(z) = -3*f(z) + 2*n(z). Calculate the remainder when w(0) is divided by s(-7).
14
Let d(t) be the second derivative of t**3/3 + 4*t. What is the remainder when d(3) is divided by 3?
0
Suppose d - 11 = -4. Let s(g) = g + 3. Let a be s(6). Let v = a + -7. What is the remainder when d is divided by v?
1
Let n(g) = -g**2 - 11*g + 14. What is the remainder when 41 is divided by n(-11)?
13
Suppose 3 = -n + 5*k - 7, 4*n - 5*k = 5. Suppose -2*t + 45 = -0*t + n*f, 3*t = -5*f + 60. What is the remainder when 42 is divided by t?
12
Let p = -7 + 4. Let c(v) = 1 - 5 - 2*v + v**2 + 3*v. Calculate the remainder when 6 is divided by c(p).
0
Calculate the remainder when 1/(-1 + (-160)/(-156)) is divided by 14.
11
What is the remainder when (-7 - (3 + -1))*-3 is divided by ((-357)/(-34))/((-3)/(-4))?
13
Suppose m - 4 = 1, 5*m - 10 = 5*y. Calculate the remainder when (9/5)/(9/45) is divided by y.
0
Let h = 2 - 2. Let k = 2 - h. Suppose -2*i - 63 = -3*r, r + 5*i - 2 - k = 0. What is the remainder when r is divided by 10?
9
Let w = -6 - -4. Let d be (-535 - 2)/3 - w. What is the remainder when (-2)/(-8) + d/(-12) is divided by 8?
7
Let v(h) = -h. Calculate the remainder when 37 is divided by v(-4).
1
Suppose -i - 1 = -3. Suppose 3*f = 3*s + i*f - 23, 49 = 4*s - 5*f. What is the remainder when 10 is divided by s?
4
Suppose -6*g = -3*g + 6. Calculate the remainder when (-1 - -2)/(g/(-118)) is divided by 20.
19
Suppose c - 4 = -0. Suppose 3*l + 15 = c*l. Suppose -t - 16 = -59. Calculate the remainder when t is divided by l.
13
Let w = 1 + 3. Suppose d + 19 = -4*n + 86, -3*d = -9. Let s = n + -2. What is the remainder when s is divided by w?
2
Suppose 4*g - 12 = -0*g. Suppose -g*r - 17 = -89. Calculate the remainder when r is divided by 14.
10
Let j be 8/4*2 - -2. Let i = j + 3. Calculate the remainder when i is divided by 6.
3
Suppose -5*m + 132 = 42. Suppose 4*k + 5 = r, 0*r + k = -2*r + 1. Let f = m - r. Calculate the remainder when 32 is divided by f.
15
Suppose 6*z - 10 = 4*z. Suppose 4*r - 19 = -p, 2*r + 6 = -2*p + 5*r. Let f(x) = -x**2 + 5*x + 2. What is the remainder when f(p) is divided by z?
3
Let d = 3 + -2. Calculate the remainder when d is divided by 1.
0
Let o be (-8)/12*18/(-4). Suppose 0 = -m - o*r - 2 + 1, -23 = -3*m + 4*r. Let t = m - -11. Calculate the remainder when 30 is divided by t.
14
Suppose 2*k - 5*y + 6 = 1, 4*k - 3*y - 25 = 0. Let d = k + -8. Suppose -4*x - 33 + 85 = 5*r, x = d*r. Calculate the remainder when 23 is divided by x.
7
Let v = 4 - 5. Let p(n) = 6*n**2 - 2*n - 1. Calculate the remainder when 27 is divided by p(v).
6
Suppose 0 = -0*r + 3*r - 33. Calculate the remainder when 5*((-192)/(-10))/3 is divided by r.
10
Let q = 6 - -4. Calculate the remainder when 38 is divided by q.
8
Suppose t - d = 0, 0*t + 5*d = 4*t + 2. Let g = 7 - t. Suppose 95 = -0*n + g*n. What is the remainder when n is divided by 7?
5
Let o be (-14